 of 1856473?
5
What is the hundred thousands digit of 1510157?
5
What is the units digit of 5861424?
4
What is the hundred thousands digit of 14206921?
2
What is the ten millions digit of 27391883?
2
What is the tens digit of 1223913?
1
What is the units digit of 460000?
0
What is the tens digit of 1724168?
6
What is the tens digit of 6123849?
4
What is the hundred thousands digit of 3169368?
1
What is the units digit of 977378?
8
What is the hundreds digit of 384649?
6
What is the tens digit of 17245020?
2
What is the tens digit of 482405?
0
What is the hundreds digit of 654245?
2
What is the hundreds digit of 1489125?
1
What is the thousands digit of 7685?
7
What is the ten thousands digit of 23978?
2
What is the hundreds digit of 874938?
9
What is the hundred thousands digit of 949686?
9
What is the tens digit of 249641?
4
What is the thousands digit of 4497001?
7
What is the hundreds digit of 21111?
1
What is the hundreds digit of 483284?
2
What is the ten thousands digit of 1329675?
2
What is the hundred thousands digit of 8549233?
5
What is the hundred thousands digit of 2456451?
4
What is the thousands digit of 335104?
5
What is the ten thousands digit of 62195?
6
What is the hundreds digit of 1332?
3
What is the hundreds digit of 263149?
1
What is the ten thousands digit of 23216970?
1
What is the thousands digit of 898510?
8
What is the hundreds digit of 6054835?
8
What is the units digit of 80596?
6
What is the tens digit of 134564?
6
What is the ten thousands digit of 5021700?
2
What is the ten thousands digit of 282691?
8
What is the ten thousands digit of 1158997?
5
What is the tens digit of 412196?
9
What is the thousands digit of 1852469?
2
What is the hundred thousands digit of 358450?
3
What is the thousands digit of 288335?
8
What is the hundred thousands digit of 1570394?
5
What is the hundreds digit of 3783950?
9
What is the hundreds digit of 346593?
5
What is the millions digit of 3323545?
3
What is the hundreds digit of 4345391?
3
What is the hundreds digit of 1938356?
3
What is the hundreds digit of 33131?
1
What is the ten thousands digit of 1632674?
3
What is the hundreds digit of 13750964?
9
What is the hundreds digit of 1080518?
5
What is the thousands digit of 253206?
3
What is the units digit of 703556?
6
What is the hundred thousands digit of 875428?
8
What is the hundreds digit of 1081671?
6
What is the thousands digit of 310823?
0
What is the ten thousands digit of 5044584?
4
What is the hundred thousands digit of 197279?
1
What is the ten thousands digit of 125794?
2
What is the ten thousands digit of 199863?
9
What is the ten millions digit of 19678018?
1
What is the ten thousands digit of 295395?
9
What is the units digit of 225179?
9
What is the thousands digit of 17490812?
0
What is the hundred thousands digit of 4140752?
1
What is the ten thousands digit of 181723?
8
What is the hundreds digit of 1503243?
2
What is the thousands digit of 5727247?
7
What is the hundred thousands digit of 3081662?
0
What is the hundred thousands digit of 365953?
3
What is the hundred thousands digit of 471751?
4
What is the units digit of 1776084?
4
What is the units digit of 390202?
2
What is the ten thousands digit of 182286?
8
What is the tens digit of 290617?
1
What is the millions digit of 5448703?
5
What is the hundred thousands digit of 210546?
2
What is the thousands digit of 1098193?
8
What is the hundreds digit of 68083?
0
What is the ten millions digit of 12062918?
1
What is the ten thousands digit of 883429?
8
What is the hundreds digit of 93079?
0
What is the tens digit of 390608?
0
What is the hundreds digit of 651585?
5
What is the hundreds digit of 2550588?
5
What is the units digit of 137134?
4
What is the hundreds digit of 1934530?
5
What is the tens digit of 3501098?
9
What is the thousands digit of 2436985?
6
What is the tens digit of 190048?
4
What is the hundred thousands digit of 2943660?
9
What is the tens digit of 240499?
9
What is the hundreds digit of 2979446?
4
What is the millions digit of 1498024?
1
What is the units digit of 11273?
3
What is the ten thousands digit of 374419?
7
What is the millions digit of 1166442?
1
What is the units digit of 389072?
2
What is the hundreds digit of 115995?
9
What is the ten thousands digit of 294253?
9
What is the thousands digit of 22028317?
8
What is the millions digit of 10523137?
0
What is the units digit of 1190813?
3
What is the tens digit of 1083622?
2
What is the hundred thousands digit of 683425?
6
What is the ten thousands digit of 337571?
3
What is the hundred thousands digit of 301700?
3
What is the tens digit of 68312?
1
What is the ten thousands digit of 7684015?
8
What is the hundreds digit of 91600?
6
What is the tens digit of 474086?
8
What is the tens digit of 579810?
1
What is the millions digit of 1486622?
1
What is the tens digit of 617013?
1
What is the units digit of 216700?
0
What is the thousands digit of 5695636?
5
What is the thousands digit of 1849911?
9
What is the units digit of 31706?
6
What is the thousands digit of 446483?
6
What is the hundred thousands digit of 414354?
4
What is the hundreds digit of 18831727?
7
What is the millions digit of 3886265?
3
What is the millions digit of 1193808?
1
What is the units digit of 1829258?
8
What is the hundred thousands digit of 28147026?
1
What is the thousands digit of 37746322?
6
What is the hundred thousands digit of 501755?
5
What is the hundred thousands digit of 460878?
4
What is the millions digit of 1174702?
1
What is the units digit of 448705?
5
What is the hundreds digit of 1214769?
7
What is the millions digit of 4081019?
4
What is the units digit of 1218594?
4
What is the tens digit of 142040?
4
What is the units digit of 159121?
1
What is the tens digit of 6428543?
4
What is the thousands digit of 1972686?
2
What is the units digit of 13179804?
4
What is the tens digit of 24817?
1
What is the units digit of 4797995?
5
What is the hundreds digit of 73634?
6
What is the tens digit of 5178306?
0
What is the thousands digit of 333621?
3
What is the hundreds digit of 2362092?
0
What is the thousands digit of 14100995?
0
What is the ten thousands digit of 250063?
5
What is the hundred thousands digit of 192532?
1
What is the ten thousands digit of 3888637?
8
What is the tens digit of 216242?
4
What is the units digit of 8801036?
6
What is the units digit of 294600?
0
What is the hundred thousands digit of 187579?
1
What is the units digit of 3758135?
5
What is the hundreds digit of 5339129?
1
What is the hundreds digit of 1221199?
1
What is the thousands digit of 824280?
4
What is the ten thousands digit of 617304?
1
What is the ten thousands digit of 3787969?
8
What is the units digit of 103363?
3
What is the hundreds digit of 228790?
7
What is the hundreds digit of 14856002?
0
What is the millions digit of 8947467?
8
What is the hundreds digit of 1040104?
1
What is the units digit of 524476?
6
What is the tens digit of 5443296?
9
What is the hundreds digit of 175926?
9
What is the units digit of 3952961?
1
What is the hundreds digit of 66507?
5
What is the ten thousands digit of 20490?
2
What is the thousands digit of 3399175?
9
What is the tens digit of 9513272?
7
What is the units digit of 472393?
3
What is the tens digit of 578832?
3
What is the millions digit of 4377654?
4
What is the tens digit of 10710360?
6
What is the hundred thousands digit of 23880001?
8
What is the ten thousands digit of 37412?
3
What is the hundred thousands digit of 310740?
3
What is the ten thousands digit of 479887?
7
What is the ten thousands digit of 4204124?
0
What is the ten thousands digit of 8225448?
2
What is the ten thousands digit of 5103461?
0
What is the thousands digit of 324158?
4
What is the tens digit of 1550228?
2
What is the tens digit of 218473?
7
What is the units digit of 141049?
9
What is the units digit of 16637778?
8
What is the hundreds digit of 347649?
6
What is the hundred thousands digit of 597678?
5
What is the tens digit of 4322741?
4
What is the hundred thousands digit of 256313?
2
What is the ten thousands digit of 6638965?
3
What is the hundred thousands digit of 2471781?
4
What is the ten thousands digit of 245833?
4
What is the hundreds digit of 984958?
9
